r of 500 and 575?
25
Calculate the highest common divisor of 1127 and 483.
161
Calculate the greatest common divisor of 2176 and 306.
34
What is the highest common divisor of 3312 and 184?
184
What is the highest common divisor of 287 and 833?
7
Calculate the greatest common factor of 728 and 272.
8
Calculate the greatest common factor of 3 and 42.
3
Calculate the greatest common divisor of 581 and 166.
83
Calculate the highest common divisor of 70 and 18865.
35
Calculate the greatest common factor of 5330 and 286.
26
Calculate the highest common factor of 194 and 2037.
97
Calculate the greatest common divisor of 16 and 50.
2
Calculate the greatest common divisor of 50794 and 218.
218
Calculate the greatest common divisor of 16 and 2608.
16
Calculate the highest common divisor of 12 and 2292.
12
What is the highest common factor of 42 and 1792?
14
Calculate the greatest common factor of 54 and 8883.
27
What is the greatest common divisor of 123 and 20459?
41
What is the greatest common factor of 1267 and 1810?
181
Calculate the highest common divisor of 5267 and 207.
23
Calculate the highest common factor of 378 and 162.
54
What is the greatest common divisor of 252 and 72?
36
Calculate the highest common factor of 9114 and 837.
93
Calculate the greatest common factor of 60 and 1860.
60
Calculate the greatest common factor of 138 and 36.
6
Calculate the highest common factor of 143 and 220.
11
What is the greatest common divisor of 1265 and 2300?
115
Calculate the highest common factor of 345 and 552.
69
What is the highest common divisor of 7 and 14483?
7
What is the greatest common factor of 43 and 134117?
43
Calculate the greatest common factor of 154 and 110.
22
What is the greatest common factor of 72 and 612?
36
What is the highest common divisor of 8 and 1352?
8
Calculate the greatest common factor of 86 and 1118.
86
What is the highest common divisor of 350 and 322?
14
Calculate the greatest common factor of 272 and 44336.
272
Calculate the greatest common factor of 676 and 117.
13
What is the greatest common divisor of 606 and 12?
6
Calculate the highest common factor of 32 and 28.
4
What is the highest common factor of 111 and 46731?
111
What is the highest common divisor of 81 and 45?
9
Calculate the greatest common factor of 315 and 225.
45
Calculate the greatest common factor of 70 and 14.
14
Calculate the greatest common factor of 312 and 7254.
78
What is the highest common factor of 145 and 203?
29
Calculate the greatest common divisor of 22 and 3.
1
Calculate the highest common divisor of 588 and 1596.
84
What is the highest common divisor of 170 and 110?
10
What is the highest common divisor of 174 and 6?
6
Calculate the greatest common factor of 48 and 3000.
24
What is the greatest common factor of 40 and 60?
20
What is the greatest common divisor of 185 and 18130?
185
What is the greatest common factor of 469 and 7?
7
What is the highest common factor of 10742 and 82?
82
What is the highest common factor of 6824 and 4?
4
Calculate the highest common factor of 156 and 117.
39
Calculate the highest common factor of 10 and 334.
2
What is the greatest common divisor of 3 and 12471?
3
Calculate the highest common divisor of 550 and 990.
110
What is the highest common factor of 21 and 126?
21
Calculate the highest common factor of 2125 and 2375.
125
Calculate the greatest common divisor of 20567 and 157.
157
What is the highest common factor of 7 and 91?
7
Calculate the highest common factor of 1820 and 156.
52
Calculate the highest common factor of 221 and 104.
13
What is the greatest common factor of 220 and 100?
20
What is the highest common factor of 31 and 155?
31
Calculate the highest common divisor of 84 and 147.
21
Calculate the highest common factor of 289 and 34.
17
What is the highest common divisor of 152 and 40?
8
What is the greatest common factor of 1 and 47?
1
What is the greatest common factor of 252 and 14?
14
Calculate the highest common divisor of 56 and 1064.
56
Calculate the highest common factor of 12 and 19.
1
What is the highest common divisor of 170 and 11645?
85
Calculate the greatest common factor of 1260 and 6678.
126
Calculate the greatest common divisor of 247 and 117.
13
What is the greatest common divisor of 37 and 888?
37
Calculate the highest common factor of 699 and 3.
3
Calculate the highest common divisor of 128 and 176.
16
Calculate the greatest common divisor of 651 and 21.
21
What is the highest common factor of 69 and 920?
23
Calculate the highest common divisor of 40793 and 226.
113
Calculate the highest common factor of 53 and 53.
53
What is the highest common factor of 15 and 885?
15
Calculate the highest common factor of 80 and 140.
20
Calculate the greatest common factor of 2340 and 104.
52
What is the greatest common factor of 52 and 14937?
13
What is the greatest common divisor of 24 and 16?
8
What is the highest common factor of 585 and 741?
39
What is the highest common factor of 38 and 1121?
19
What is the highest common factor of 12 and 411?
3
What is the greatest common factor of 4 and 32?
4
What is the greatest common divisor of 343 and 7?
7
Calculate the highest common factor of 1845 and 540.
45
Calculate the greatest common divisor of 6 and 2979.
3
What is the highest common divisor of 450 and 18?
18
What is the greatest common divisor of 2656 and 4?
4
What is the highest common divisor of 3 and 105?
3
Calculate the highest common divisor of 1083 and 285.
57
What is the highest common divisor of 288 and 2376?
72
Calculate the greatest common factor of 8 and 66.
2
Calculate the highest common factor of 24 and 444.
12
What is the greatest common divisor of 36 and 3300?
12
What is the highest common divisor of 33 and 220?
11
Calculate the greatest common factor of 350 and 425.
25
What is the greatest common divisor of 1148 and 1134?
14
Calculate the greatest common factor of 40 and 1456.
8
What is the highest common factor of 3973 and 29?
29
What is the greatest common factor of 165 and 15?
15
What is the greatest common factor of 70 and 50?
10
What is the greatest common divisor of 28 and 560?
28
Calculate the highest common divisor of 638 and 22.
22
Calculate the greatest common factor of 3124 and 44.
44
Calculate the highest common factor of 77 and 15323.
77
Calculate the greatest common factor of 297 and 7656.
33
What is the greatest common factor of 66 and 137478?
66
What is the greatest common divisor of 960 and 60?
60
What is the greatest common divisor of 972 and 23976?
324
What is the highest common factor of 56 and 2492?
28
Calculate the highest common divisor of 94 and 4.
2
What is the highest common divisor of 70 and 35?
35
Calculate the highest common divisor of 1012 and 44.
44
Calculate the greatest common divisor of 755 and 5.
5
What is the highest common factor of 143 and 176?
11
What is the highest common divisor of 4912 and 32?
16
Calculate the highest common divisor of 46 and 299.
23
Calculate the greatest common divisor of 171 and 369.
9
What is the greatest common factor of 144 and 32?
16
What is the highest common factor of 46527 and 39?
39
Calculate the highest common factor of 210 and 4665.
15
What is the highest common divisor of 287 and 82?
41
What is the greatest common divisor of 42 and 546?
42
Calculate the greatest common factor of 6325 and 33.
11
Calculate the greatest common divisor of 14 and 6.
2
What is the highest common factor of 169 and 1?
1
Calculate the highest common factor of 460 and 4.
4
Calculate the greatest common factor of 3 and 3057.
3
Calculate the greatest common factor of 7786 and 17.
17
Calculate the highest common factor of 666 and 37.
37
Calculate the highest common factor of 1314 and 18.
18
Calculate the greatest common divisor of 247 and 95.
19
Calculate the greatest common divisor of 21 and 903.
21
What is the highest common divisor of 12005 and 105?
35
Calculate the highest common divisor of 24 and 6.
6
What is the highest common factor of 306 and 18?
18
What is the highest common divisor of 5364 and 9?
9
Calculate the highest common factor of 15 and 1065.
15
What is the greatest common factor of 3601 and 13?
13
What is the greatest common factor of 66 and 1749?
33
Calculate the highest common factor of 45 and 305.
5